 11. List the prime factors of o(c).
2, 23
Suppose -19*q + 270 = -q. Suppose -q*i + 4*l + 994 = -12*i, -3*l = 3*i - 1008. List the prime factors of i.
2, 167
List the prime factors of (170907/(-22))/(36/(-48)).
2, 5179
Let s be ((-3698)/(-129))/(1/(-24)). Let d = s + 1692. List the prime factors of d.
2, 251
Let v = 109 - 104. Suppose 5*n + 2140 = v*s, -2*n - 6 = -0. List the prime factors of s.
5, 17
Suppose 0 = -74*n + 63*n + 57420. What are the prime factors of n?
2, 3, 5, 29
Let h(i) = -11*i - 18. Let w(k) = k. Let s(r) = -2*h(r) - 10*w(r). Let x be s(16). Suppose -8*m + 5*m = -x. What are the prime factors of m?
2, 19
Let a be -4 - (6 - (921 + -3)). Let d = 1985 - a. List the prime factors of d.
3, 359
Let c = -4096 - -16916. List the prime factors of c.
2, 5, 641
Let o = 58 - 56. Suppose 7*g + 380 = 2*n + 3*g, o*n - 3*g - 380 = 0. What are the prime factors of n?
2, 5, 19
List the prime factors of 49379/(-2)*(-2 - 21/147*0).
11, 67
Let y(b) be the third derivative of 181*b**5/60 - b**4/3 + 7*b**3/6 - 22*b**2 - 1. What are the prime factors of y(3)?
2, 13, 31
Let p be 14/(-8) - -1 - 348/(-16). Suppose -3*c + 3 = -p. Suppose -10*n + 118 = -c*n. What are the prime factors of n?
59
Let z(u) be the first derivative of 3*u**4/2 + 2*u**3/3 - 12*u**2 + 174*u + 123. List the prime factors of z(6).
2, 3, 233
Let a(y) = 122*y**2 + 22*y - 187. What are the prime factors of a(5)?
3, 991
Let v(i) = -18*i - 84. Let b be v(-5). Suppose -600 = -b*l + 456. What are the prime factors of l?
2, 11
Let v(x) = -x**2 + 6*x + 4. Let j be v(6). Suppose -2*r - j = -0*r. List the prime factors of -3 + 3 + (r - -11).
3
Let x(n) = 20*n**2 + 29*n + 307. What are the prime factors of x(25)?
2, 17, 199
Let d = 46878 - 21551. What are the prime factors of d?
19, 31, 43
What are the prime factors of (-1)/(((-10620)/3537 - -3)*3)?
131
Let x = -647 + 647. Suppose x = -300*g + 302*g - 2512. What are the prime factors of g?
2, 157
Suppose -10 = -5*l, 5*l - 1 = -2*i - 7. Let t(m) = 98*m**2 - 198*m**2 + 99*m**2 - 33*m - 3 + 13*m. List the prime factors of t(i).
3, 31
Suppose -2*g + 6 = -a, -5*g + 21 - 6 = -5*a. List the prime factors of ((-585)/18)/(2/(-12))*g.
3, 5, 13
Let b(o) = -2*o**3 + o**2 + 7*o + 11. Let v be b(-2). Suppose -16*z = -v*z + 1338. What are the prime factors of z?
2, 3, 223
Let b(y) = -6*y - 34. Let k be b(-6). Suppose -k = n - 2*o - 9, -2*n + 2*o = -8. List the prime factors of 8*(2 + (2 - n)).
2, 3
Suppose 3*i + 4*n = -11 + 128, 3*n = -5*i + 206. Suppose -i*z = 15968 - 58624. What are the prime factors of z?
2, 31
Suppose 12*y + 1542770 = 139*y - 4197376. List the prime factors of y.
2, 3, 31
Let b(a) = 28*a + 29*a**2 + 3*a**2 + a**2 - 33*a - 5. Let y be b(-2). Let f = 276 - y. List the prime factors of f.
139
Suppose h - 23 = -2*p, 5*p = -10 + 35. Suppose -7170 = h*r - 18*r. List the prime factors of r.
2, 3, 239
Let a(p) = 2*p**2 - 4*p - 61. Let i be a(-26). List the prime factors of i/62*(1*4 + -2).
3, 5
Suppose -11817 + 88137 = 48*b. Suppose -14*c - b = -s - 12*c, 5*c = -5*s + 7905. List the prime factors of s.
2, 3, 11
Suppose 0 = -2*a - 3*k + 6632, 5*k - 4*k - 2 = 0. Suppose -1311 = -16*q + a. What are the prime factors of q?
17
Let z(x) = 37*x - 21. Suppose 37*q = 22*q + 255. List the prime factors of z(q).
2, 19
List the prime factors of ((-30298)/8)/((-15)/((-180)/(-39)) - -3).
15149
Suppose 216*h + 2*b = 219*h - 108261, 2*b = -2*h + 72184. List the prime factors of h.
151, 239
Suppose 0 = -4*z - 2*b + 982 + 246, -1536 = -5*z - 3*b. What are the prime factors of -2 + z/8 + (-15)/60?
2, 3
Let s be (-43 + 44)/((-1)/(-32)). Let p = 126 - s. List the prime factors of p.
2, 47
Let c = -2788 - -5935. List the prime factors of c.
3, 1049
Suppose 26124 = 15*m - 8121. List the prime factors of m.
3, 761
Let m(s) = 2*s**3 - 18*s**2 - 18*s - 16. Let t be m(10). What are the prime factors of (-4)/(-4)*t - -75?
79
Suppose -3*l + 85 = 5*f + 24, -3*l + f = -31. Let z(p) = -p + 27. Let x be z(l). Let u = x - -89. List the prime factors of u.
2, 13
Let i = -34 + 37. Suppose -i*v - 32 = -44. What are the prime factors of (692/v - -2) + -1 + 2?
2, 11
Suppose 4*y = 3*w - 237169, -4*w - 5*y = -439796 + 123581. What are the prime factors of w?
5, 97, 163
Let x be ((-288)/(-15))/(-3) + (-2)/(-5). Let b be (-43)/(-4)*x*(-16)/12. Suppose 0 = -o + b + 13. List the prime factors of o.
3, 11
Let y(f) = 133*f - 3. Suppose -53 - 12 = -13*a. Suppose -3*v - 2*c = a, 5 + 4 = 5*v - c. List the prime factors of y(v).
2, 5, 13
Suppose 0 = 3*n, -3*n - 8 = -t - 0*t. Let v(f) = 2*f**3 - 14*f**2 - 8*f - 16. List the prime factors of v(t).
2, 3
Suppose -g + 6*g + c = 77, -47 = -3*g - c. List the prime factors of ((-588)/g - -2)/(8/(-140)).
3, 7, 31
Suppose 15*a = 9*a + 18. Suppose u + 37 = 5*s, -a*u = -3*s + 9 + 42. What are the prime factors of (0 - (-2 + 28/u))*15?
5, 13
Let o be (44/(-10) - (-48)/120) + 2242. Suppose -2*g + 5*u = -2587, -4*g + o = -u - 2945. List the prime factors of g.
2, 3
Suppose 0 = 4*k - 3*p - 188735, 38*k = 42*k + 3*p - 188753. What are the prime factors of k?
2, 23593
Let y(j) = -2*j - 21*j + 15*j**3 - 7*j**2 + j**3 + 11 + 10*j. List the prime factors of y(4).
13, 67
Suppose -8*d = -7*d - 4. Let j be 130/18 + d/36*-2. Let s(o) = o**2 + 12*o + 31. What are the prime factors of s(j)?
2, 41
Let m = 224 - -270. Suppose m = 7*k - 5*k. Suppose 5*y - 5*o = -2*o + k, -4*y = 2*o - 180. What are the prime factors of y?
47
List the prime factors of (-4)/(4/39137)*((-345)/35 + 9).
2, 3, 5591
Let t = 85 + -79. Let k(j) = -17*j**2 + 16*j - 8. Let g be k(t). Let c = -372 - g. What are the prime factors of c?
2, 19
Let h(d) = -34*d - 32. Let n(w) = 33*w + 32. Let l(v) = 4*h(v) + 3*n(v). Let z = 14036 + -14042. List the prime factors of l(z).
2, 5, 19
Let w(b) = 30*b - 243. Let k = -314 + 362. What are the prime factors of w(k)?
3, 7, 19
Suppose 229064 = 260*d - 233*d - 24682. List the prime factors of d.
2, 37, 127
Suppose -p + l = 0, -3*l = -5*p - 39 + 45. What are the prime factors of (-40 - p)/(0 + 1/(-15))?
3, 5, 43
Suppose 2*w - 514 = -v + 7802, -v - 5*w = -8322. Suppose 22*g + 678 = v. What are the prime factors of g?
347
Suppose -839*z + 835*z = 3*h - 5962, 2*z - 5*h - 2994 = 0. List the prime factors of z.
2, 373
Suppose -9*k + 165 = -4*k. Let a be -86*(-2)/4 + k/(-11). Suppose 273 = 43*x - a*x. What are the prime factors of x?
7, 13
Suppose 25*h - 31*h - 66 = 0. Let z(y) = -50*y + 51. List the prime factors of z(h).
601
Suppose -2988*r + 2991*r - 7368 = 0. What are the prime factors of r?
2, 307
What are the prime factors of (973/(-28))/(4/(-2560))?
2, 5, 139
Suppose 9*z - 24*z + 405 = 0. Suppose -9*u - 8460 = -z*u. What are the prime factors of u?
2, 5, 47
Let w be (-4 - 0 - -4)/1. Suppose -5*f = -2*g - 3168, -4*f + 6*f - 3*g - 1265 = w. What are the prime factors of f?
2, 317
Suppose -177363 = -3*d - 4*i, 18*i = 3*d + 16*i - 177309. List the prime factors of d.
3, 17, 19, 61
Let v be (-4 + 1)*(-35 + -2296). Suppose -8*y = 19*y - v. List the prime factors of y.
7, 37
Suppose 1187*u = 1199*u - 83940. What are the prime factors of u?
5, 1399
Suppose 3*b + 4*p - 16 = 0, -3*b - 2*p - 3 = -17. Suppose -b*f + 16 = 0, 948 = i - f + 4*f. List the prime factors of i.
2, 3, 13
Let a be (-96)/(-36) + (-1)/(-3). Suppose -f = 1, 0*o = 4*o + a*f - 985. List the prime factors of o.
13, 19
Let a be 8/(-8) + (-2 - 0). Let t be (-5)/(-30)*a*-4. Suppose t*z - w = z + 18, 3*z + 2*w - 29 = 0. List the prime factors of z.
13
List the prime factors of -32*(-1)/2*4270/(-28)*-2.
2, 5, 61
Let y be 16/(-2)*171/(-76). Suppose 0 = y*t - 16*t - 40. List the prime factors of (52415/t)/11 + 1/(-4).
2, 7, 17
Let z(y) = -15*y + 45. Let g be z(3). Suppose 580 = u - 2*c + 4*c, g = 3*c - 3. List the prime factors of u.
2, 17
Let x(m) = -m**2 + 13*m - 19. Let t be x(12). Let c be (((-385)/(-2))/t)/(2/(-8)). Let k = -32 + c. What are the prime factors of k?
2, 3, 13
Let p(t) = -1284*t**2 + 223*t - 409. Let v(y) = -428*y**2 + 73*y - 136. Let n(a) = 2*p(a) - 7*v(a). List the prime factors of n(2).
2, 3, 11, 13
Let a = -58 - -18. Let j = a + 127. List the prime factors of j.
3, 29
Let w(u) = 67*u - 62. Let r be w(1). Let v = -5 - -7. Suppose -116 = -v*m + 3*s, 3*m = -2*m - r*s + 315. What are the prime 